{"id":1128,"date":"2023-07-24T07:30:04","date_gmt":"2023-07-24T07:30:04","guid":{"rendered":"https:\/\/noucartallers.es\/?page_id=1128"},"modified":"2023-07-24T07:34:48","modified_gmt":"2023-07-24T07:34:48","slug":"declaracion-de-accesibilidad","status":"publish","type":"page","link":"https:\/\/noucartallers.es\/ca\/declaracion-de-accesibilidad","title":{"rendered":"Declaraci\u00f3 d&#039;accessibilitat"},"content":{"rendered":"<div class=\"wpb-content-wrapper\"><div class=\"vc_row wpb_row vc_row-fluid\"><div class=\"wpb_column vc_column_container vc_col-sm-12\"><div class=\"vc_column-inner\"><div class=\"wpb_wrapper\">\n\t<div class=\"wpb_text_column wpb_content_element\" >\n\t\t<div class=\"wpb_wrapper\">\n\t\t\t<div class=\"vc_row wpb_row vc_row-fluid\">\n<div class=\"wpb_column vc_column_container vc_col-sm-12\">\n<div class=\"vc_column-inner\">\n<div class=\"wpb_wrapper\">\n<div class=\"wpb_text_column wpb_content_element\">\n<div class=\"wpb_wrapper\">\n<p>Nou Car Talleres SL s&#039;ha comprom\u00e8s a fer accessible el vostre lloc web, de conformitat amb el Reial Decret 1112\/2018, de 7 de setembre, sobre accessibilitat dels llocs web i aplicacions per a dispositius m\u00f2bils del sector p\u00fablic.<\/p>\n<p>Aquesta declaraci\u00f3 d&#039;accessibilitat s&#039;aplica a aquest web.<\/p>\n<h2 class=\"wp-block-heading\">Situaci\u00f3 de compliment<\/h2>\n<p>Aquest lloc web est\u00e0 desenvolupat segons el RD 1112\/2018<\/p>\n<h2 class=\"wp-block-heading\">Preparaci\u00f3 per a la seg\u00fcent declaraci\u00f3 d&#039;accessibilitat<\/h2>\n<p>Aquesta declaraci\u00f3 va ser preparada el 20 de maig del 2023.<\/p>\n<p>El m\u00e8tode emprat per preparar la declaraci\u00f3 ha estat una autoavaluaci\u00f3.<\/p>\n<h2 class=\"wp-block-heading\">Observacions i dades de contacte<\/h2>\n<p>Podeu realitzar comunicacions sobre requisits d&#039;accessibilitat (article 10.2.a del RD 1112\/2018) com:<\/p>\n<ul>\n<li>Informar sobre qualsevol possible incompliment per part d&#039;aquest lloc web<\/li>\n<li>Transmetre altres dificultats d&#039;acc\u00e9s al contingut<\/li>\n<li>Formular qualsevol altra consulta o suggeriment de millora relativa a l&#039;accessibilitat del lloc web a trav\u00e9s del\u00a0<a href=\"https:\/\/josemariaguerrero.proyectowebs2.es\/contacto\/\" data-type=\"page\" data-id=\"686\">formulari de contacte\u00a0<\/a>d&#039;aquest lloc web oa trav\u00e9s del n\u00famero de tel\u00e8fon 691 115 092<\/li>\n<\/ul>\n<p>Podeu presentar:<\/p>\n<ul>\n<li>Queixa relativa al compliment dels requisits del RD 1112\/2018<\/li>\n<li>Sol\u00b7licitud d&#039;informaci\u00f3 accessible relativa a:\n<ul>\n<li>Continguts que estan exclosos de l\u00e0mbit daplicaci\u00f3 del RD 1112\/2018 segons el que estableix larticle 3, apartat 4<\/li>\n<li>Continguts que estan exempts del compliment dels requisits d&#039;accessibilitat per imposar una c\u00e0rrega desproporcionada<\/li>\n<li>A la Sol\u00b7licitud d&#039;informaci\u00f3 accessible, cal concretar, amb tota claredat, els fets, les raons i la petici\u00f3 que permetin constatar que es tracta d&#039;una sol\u00b7licitud raonable i leg\u00edtima.<\/li>\n<\/ul>\n<\/li>\n<\/ul>\n<p>Les queixes i reclamacions sobre informaci\u00f3 accessible es realitzaran a trav\u00e9s de la seu electr\u00f2nica (<a href=\"https:\/\/sede.red.gob.es\/procedimientos\/quejas-y-sugerencias\" target=\"_blank\" rel=\"noreferrer noopener\">https:\/\/sede.red.gob.es\/procedimientos\/quejas-y-sugerencias<\/a>), i seran rebudes i tractades per l&#039;\u00e0rea de Sistemes de la Informaci\u00f3 de Red.es.<\/p>\n<h2 class=\"wp-block-heading\">Contingut opcional<\/h2>\n<ul>\n<li>Si voleu canviar la mida de lletra del text als principals navegadors gr\u00e0fics utilitzeu els men\u00fas seg\u00fcents:<\/li>\n<li>Safari: Veure &gt; Fer el text m\u00e9s gran<\/li>\n<li>Chrome: Controla la p\u00e0gina actual &gt; Mida del text<\/li>\n<\/ul>\n<p>Per modificar la mida de tot a la p\u00e0gina:<\/p>\n<ul>\n<li>Ctrl++ per augmentar-ho<\/li>\n<li>Ctrl + \u2013 per disminuir-ho<\/li>\n<li>Ctrl + 0 restaura la mida original del text<\/li>\n<li>Si el que voleu \u00e9s anul\u00b7lar el full d&#039;estils o modificar el color del text, podeu consultar la p\u00e0gina How to Change Text Size o Colors de la WAI, que es pot llegir tradu\u00eft a l&#039;espanyol a Com canviar la mida del text o colors?<\/li>\n<\/ul>\n<\/div>\n<\/div>\n<\/div>\n<\/div>\n<\/div>\n<\/div>\n<div class=\"vc_row wpb_row vc_row-fluid\">\n<div class=\"wpb_column vc_column_container vc_col-sm-12\"><\/div>\n<\/div>\n\n\t\t<\/div>\n\t<\/div>\n<\/div><\/div><\/div><\/div>\n<\/div>","protected":false},"excerpt":{"rendered":"Nou Car Talleres S.L. se ha comprometido a hacer accesible su sitio web, de conformidad con el Real Decreto 1112\/2018, de 7 de septiembre, sobre accesibilidad de los sitios web y aplicaciones para dispositivos m\u00f3viles del sector p\u00fablico. Esta declaraci\u00f3n de accesibilidad se aplica a esta web. Situaci\u00f3n de cumplimiento Este sitio web est\u00e1 desarrollado de acuerdo con el RD<div class=\"h10\"><\/div><a class=\"more-link1\" href=\"https:\/\/noucartallers.es\/ca\/declaracion-de-accesibilidad\">Read more<\/a>","protected":false},"author":1,"featured_media":0,"parent":0,"menu_order":0,"comment_status":"closed","ping_status":"closed","template":"","meta":{"footnotes":""},"class_list":["post-1128","page","type-page","status-publish","hentry"],"yoast_head":"<!-- This site is optimized with the Yoast SEO plugin v26.7 - https:\/\/yoast.com\/wordpress\/plugins\/seo\/ -->\n<title>Declaraci\u00f3n de accesibilidad - Nou Car Tallers<\/title>\n<meta name=\"robots\" content=\"index, follow, max-snippet:-1, max-image-preview:large, max-video-preview:-1\" \/>\n<link rel=\"canonical\" href=\"https:\/\/noucartallers.es\/ca\/declaracion-de-accesibilidad\/\" \/>\n<meta property=\"og:locale\" content=\"ca_ES\" \/>\n<meta property=\"og:type\" content=\"article\" \/>\n<meta property=\"og:title\" content=\"Declaraci\u00f3n de accesibilidad - Nou Car Tallers\" \/>\n<meta property=\"og:url\" content=\"https:\/\/noucartallers.es\/ca\/declaracion-de-accesibilidad\/\" \/>\n<meta property=\"og:site_name\" content=\"Nou Car Tallers\" \/>\n<meta property=\"article:modified_time\" content=\"2023-07-24T07:34:48+00:00\" \/>\n<meta name=\"twitter:card\" content=\"summary_large_image\" \/>\n<meta name=\"twitter:label1\" content=\"Temps estimat de lectura\" \/>\n\t<meta name=\"twitter:data1\" content=\"2 minuts\" \/>\n<script type=\"application\/ld+json\" class=\"yoast-schema-graph\">{\"@context\":\"https:\/\/schema.org\",\"@graph\":[{\"@type\":\"WebPage\",\"@id\":\"https:\/\/noucartallers.es\/declaracion-de-accesibilidad\",\"url\":\"https:\/\/noucartallers.es\/declaracion-de-accesibilidad\",\"name\":\"Declaraci\u00f3n de accesibilidad - Nou Car Tallers\",\"isPartOf\":{\"@id\":\"https:\/\/noucartallers.es\/#website\"},\"datePublished\":\"2023-07-24T07:30:04+00:00\",\"dateModified\":\"2023-07-24T07:34:48+00:00\",\"breadcrumb\":{\"@id\":\"https:\/\/noucartallers.es\/declaracion-de-accesibilidad#breadcrumb\"},\"inLanguage\":\"ca\",\"potentialAction\":[{\"@type\":\"ReadAction\",\"target\":[\"https:\/\/noucartallers.es\/declaracion-de-accesibilidad\"]}]},{\"@type\":\"BreadcrumbList\",\"@id\":\"https:\/\/noucartallers.es\/declaracion-de-accesibilidad#breadcrumb\",\"itemListElement\":[{\"@type\":\"ListItem\",\"position\":1,\"name\":\"Portada\",\"item\":\"https:\/\/noucartallers.es\/\"},{\"@type\":\"ListItem\",\"position\":2,\"name\":\"Declaraci\u00f3n de accesibilidad\"}]},{\"@type\":\"WebSite\",\"@id\":\"https:\/\/noucartallers.es\/#website\",\"url\":\"https:\/\/noucartallers.es\/\",\"name\":\"Nou Car Tallers\",\"description\":\"Servicio de mantenimiento y reparaciones para todo tipo de veh\u00edculos\",\"potentialAction\":[{\"@type\":\"SearchAction\",\"target\":{\"@type\":\"EntryPoint\",\"urlTemplate\":\"https:\/\/noucartallers.es\/?s={search_term_string}\"},\"query-input\":{\"@type\":\"PropertyValueSpecification\",\"valueRequired\":true,\"valueName\":\"search_term_string\"}}],\"inLanguage\":\"ca\"}]}<\/script>\n<!-- \/ Yoast SEO plugin. -->","yoast_head_json":{"title":"Declaraci\u00f3n de accesibilidad - Nou Car Tallers","robots":{"index":"index","follow":"follow","max-snippet":"max-snippet:-1","max-image-preview":"max-image-preview:large","max-video-preview":"max-video-preview:-1"},"canonical":"https:\/\/noucartallers.es\/ca\/declaracion-de-accesibilidad\/","og_locale":"ca_ES","og_type":"article","og_title":"Declaraci\u00f3n de accesibilidad - Nou Car Tallers","og_url":"https:\/\/noucartallers.es\/ca\/declaracion-de-accesibilidad\/","og_site_name":"Nou Car Tallers","article_modified_time":"2023-07-24T07:34:48+00:00","twitter_card":"summary_large_image","twitter_misc":{"Temps estimat de lectura":"2 minuts"},"schema":{"@context":"https:\/\/schema.org","@graph":[{"@type":"WebPage","@id":"https:\/\/noucartallers.es\/declaracion-de-accesibilidad","url":"https:\/\/noucartallers.es\/declaracion-de-accesibilidad","name":"Declaraci\u00f3n de accesibilidad - Nou Car Tallers","isPartOf":{"@id":"https:\/\/noucartallers.es\/#website"},"datePublished":"2023-07-24T07:30:04+00:00","dateModified":"2023-07-24T07:34:48+00:00","breadcrumb":{"@id":"https:\/\/noucartallers.es\/declaracion-de-accesibilidad#breadcrumb"},"inLanguage":"ca","potentialAction":[{"@type":"ReadAction","target":["https:\/\/noucartallers.es\/declaracion-de-accesibilidad"]}]},{"@type":"BreadcrumbList","@id":"https:\/\/noucartallers.es\/declaracion-de-accesibilidad#breadcrumb","itemListElement":[{"@type":"ListItem","position":1,"name":"Portada","item":"https:\/\/noucartallers.es\/"},{"@type":"ListItem","position":2,"name":"Declaraci\u00f3n de accesibilidad"}]},{"@type":"WebSite","@id":"https:\/\/noucartallers.es\/#website","url":"https:\/\/noucartallers.es\/","name":"Nou Car Tallers","description":"Servicio de mantenimiento y reparaciones para todo tipo de veh\u00edculos","potentialAction":[{"@type":"SearchAction","target":{"@type":"EntryPoint","urlTemplate":"https:\/\/noucartallers.es\/?s={search_term_string}"},"query-input":{"@type":"PropertyValueSpecification","valueRequired":true,"valueName":"search_term_string"}}],"inLanguage":"ca"}]}},"_links":{"self":[{"href":"https:\/\/noucartallers.es\/ca\/wp-json\/wp\/v2\/pages\/1128","targetHints":{"allow":["GET"]}}],"collection":[{"href":"https:\/\/noucartallers.es\/ca\/wp-json\/wp\/v2\/pages"}],"about":[{"href":"https:\/\/noucartallers.es\/ca\/wp-json\/wp\/v2\/types\/page"}],"author":[{"embeddable":true,"href":"https:\/\/noucartallers.es\/ca\/wp-json\/wp\/v2\/users\/1"}],"replies":[{"embeddable":true,"href":"https:\/\/noucartallers.es\/ca\/wp-json\/wp\/v2\/comments?post=1128"}],"version-history":[{"count":3,"href":"https:\/\/noucartallers.es\/ca\/wp-json\/wp\/v2\/pages\/1128\/revisions"}],"predecessor-version":[{"id":1136,"href":"https:\/\/noucartallers.es\/ca\/wp-json\/wp\/v2\/pages\/1128\/revisions\/1136"}],"wp:attachment":[{"href":"https:\/\/noucartallers.es\/ca\/wp-json\/wp\/v2\/media?parent=1128"}],"curies":[{"name":"wp","href":"https:\/\/api.w.org\/{rel}","templated":true}]}}

Declaració d&#039;accessibilitat

<div class="wpb-content-wrapper"><div class="vc_row wpb_row vc_row-fluid"><div class="wpb_column vc_column_container vc_col-sm-12"><div class="vc_column-inner"><div class="wpb_wrapper">
	<div class="wpb_text_column wpb_content_element" >
		<div class="wpb_wrapper">
			<div class="vc_row wpb_row vc_row-fluid">
<div class="wpb_column vc_column_container vc_col-sm-12">
<div class="vc_column-inner">
<div class="wpb_wrapper">
<div class="wpb_text_column wpb_content_element">
<div class="wpb_wrapper">
<p>Nou Car Talleres SL s&#039;ha compromès a fer accessible el vostre lloc web, de conformitat amb el Reial Decret 1112/2018, de 7 de setembre, sobre accessibilitat dels llocs web i aplicacions per a dispositius mòbils del sector públic.</p>
<p>Aquesta declaració d&#039;accessibilitat s&#039;aplica a aquest web.</p>
<h2 class="wp-block-heading">Situació de compliment</h2>
<p>Aquest lloc web està desenvolupat segons el RD 1112/2018</p>
<h2 class="wp-block-heading">Preparació per a la següent declaració d&#039;accessibilitat</h2>
<p>Aquesta declaració va ser preparada el 20 de maig del 2023.</p>
<p>El mètode emprat per preparar la declaració ha estat una autoavaluació.</p>
<h2 class="wp-block-heading">Observacions i dades de contacte</h2>
<p>Podeu realitzar comunicacions sobre requisits d&#039;accessibilitat (article 10.2.a del RD 1112/2018) com:</p>
<ul>
<li>Informar sobre qualsevol possible incompliment per part d&#039;aquest lloc web</li>
<li>Transmetre altres dificultats d&#039;accés al contingut</li>
<li>Formular qualsevol altra consulta o suggeriment de millora relativa a l&#039;accessibilitat del lloc web a través del <a href="https://josemariaguerrero.proyectowebs2.es/contacto/" data-type="page" data-id="686">formulari de contacte </a>d&#039;aquest lloc web oa través del número de telèfon 691 115 092</li>
</ul>
<p>Podeu presentar:</p>
<ul>
<li>Queixa relativa al compliment dels requisits del RD 1112/2018</li>
<li>Sol·licitud d&#039;informació accessible relativa a:
<ul>
<li>Continguts que estan exclosos de làmbit daplicació del RD 1112/2018 segons el que estableix larticle 3, apartat 4</li>
<li>Continguts que estan exempts del compliment dels requisits d&#039;accessibilitat per imposar una càrrega desproporcionada</li>
<li>A la Sol·licitud d&#039;informació accessible, cal concretar, amb tota claredat, els fets, les raons i la petició que permetin constatar que es tracta d&#039;una sol·licitud raonable i legítima.</li>
</ul>
</li>
</ul>
<p>Les queixes i reclamacions sobre informació accessible es realitzaran a través de la seu electrònica (<a href="https://sede.red.gob.es/procedimientos/quejas-y-sugerencias" target="_blank" rel="noreferrer noopener">https://sede.red.gob.es/procedimientos/quejas-y-sugerencias</a>), i seran rebudes i tractades per l&#039;àrea de Sistemes de la Informació de Red.es.</p>
<h2 class="wp-block-heading">Contingut opcional</h2>
<ul>
<li>Si voleu canviar la mida de lletra del text als principals navegadors gràfics utilitzeu els menús següents:</li>
<li>Safari: Veure &gt; Fer el text més gran</li>
<li>Chrome: Controla la pàgina actual &gt; Mida del text</li>
</ul>
<p>Per modificar la mida de tot a la pàgina:</p>
<ul>
<li>Ctrl++ per augmentar-ho</li>
<li>Ctrl + – per disminuir-ho</li>
<li>Ctrl + 0 restaura la mida original del text</li>
<li>Si el que voleu és anul·lar el full d&#039;estils o modificar el color del text, podeu consultar la pàgina How to Change Text Size o Colors de la WAI, que es pot llegir traduït a l&#039;espanyol a Com canviar la mida del text o colors?</li>
</ul>
</div>
</div>
</div>
</div>
</div>
</div>
<div class="vc_row wpb_row vc_row-fluid">
<div class="wpb_column vc_column_container vc_col-sm-12"></div>
</div>

		</div>
	</div>
</div></div></div></div>
</div>

Nou Car Talleres S.L. se ha comprometido a hacer accesible su sitio web, de conformidad con el Real Decreto 1112/2018, de 7 de septiembre, sobre accesibilidad de los sitios web y aplicaciones para dispositivos móviles del sector público. Esta declaración de accesibilidad se aplica a esta web. Situación de cumplimiento Este sitio web está desarrollado de acuerdo con el RD<div class="h10"></div><a class="more-link1" href="https://noucartallers.es/ca/declaracion-de-accesibilidad">Read more</a>

<!-- This site is optimized with the Yoast SEO plugin v26.7 - https://yoast.com/wordpress/plugins/seo/ -->
<title>Declaración de accesibilidad - Nou Car Tallers</title>
<meta name="robots" content="index, follow, max-snippet:-1, max-image-preview:large, max-video-preview:-1" />
<link rel="canonical" href="https://noucartallers.es/ca/declaracion-de-accesibilidad/" />
<meta property="og:locale" content="ca_ES" />
<meta property="og:type" content="article" />
<meta property="og:title" content="Declaración de accesibilidad - Nou Car Tallers" />
<meta property="og:url" content="https://noucartallers.es/ca/declaracion-de-accesibilidad/" />
<meta property="og:site_name" content="Nou Car Tallers" />
<meta property="article:modified_time" content="2023-07-24T07:34:48+00:00" />
<meta name="twitter:card" content="summary_large_image" />
<meta name="twitter:label1" content="Temps estimat de lectura" />
	<meta name="twitter:data1" content="2 minuts" />
<script type="application/ld+json" class="yoast-schema-graph">{"@context":"https://schema.org","@graph":[{"@type":"WebPage","@id":"https://noucartallers.es/declaracion-de-accesibilidad","url":"https://noucartallers.es/declaracion-de-accesibilidad","name":"Declaración de accesibilidad - Nou Car Tallers","isPartOf":{"@id":"https://noucartallers.es/#website"},"datePublished":"2023-07-24T07:30:04+00:00","dateModified":"2023-07-24T07:34:48+00:00","breadcrumb":{"@id":"https://noucartallers.es/declaracion-de-accesibilidad#breadcrumb"},"inLanguage":"ca","potentialAction":[{"@type":"ReadAction","target":["https://noucartallers.es/declaracion-de-accesibilidad"]}]},{"@type":"BreadcrumbList","@id":"https://noucartallers.es/declaracion-de-accesibilidad#breadcrumb","itemListElement":[{"@type":"ListItem","position":1,"name":"Portada","item":"https://noucartallers.es/"},{"@type":"ListItem","position":2,"name":"Declaración de accesibilidad"}]},{"@type":"WebSite","@id":"https://noucartallers.es/#website","url":"https://noucartallers.es/","name":"Nou Car Tallers","description":"Servicio de mantenimiento y reparaciones para todo tipo de vehículos","potentialAction":[{"@type":"SearchAction","target":{"@type":"EntryPoint","urlTemplate":"https://noucartallers.es/?s={search_term_string}"},"query-input":{"@type":"PropertyValueSpecification","valueRequired":true,"valueName":"search_term_string"}}],"inLanguage":"ca"}]}</script>
<!-- / Yoast SEO plugin. -->

Declaración de accesibilidad - Nou Car Tallers

Declaración de accesibilidad

Servicio de mantenimiento y reparaciones para todo tipo de vehículos
