{"id":589,"date":"2022-09-02T08:28:48","date_gmt":"2022-09-02T08:28:48","guid":{"rendered":"https:\/\/noucartallers.es\/?page_id=589"},"modified":"2022-09-02T08:29:26","modified_gmt":"2022-09-02T08:29:26","slug":"el-taller","status":"publish","type":"page","link":"https:\/\/noucartallers.es\/ca\/el-taller","title":{"rendered":"EL TALLER"},"content":{"rendered":"<div class=\"wpb-content-wrapper\"><div data-vc-full-width=\"true\" data-vc-full-width-temp=\"true\" data-vc-full-width-init=\"false\" data-vc-stretch-content=\"true\" class=\"vc_row wpb_row vc_row-fluid vc_row-no-padding\"><div class=\"wpb_column vc_column_container vc_col-sm-12 vc_hidden-md vc_hidden-sm vc_hidden-xs vc_col-has-fill\"><div class=\"vc_column-inner vc_custom_1656325247831\"><div class=\"wpb_wrapper\"><div class=\"boc_spacing\" style=\"height: 350px\"><\/div>\n\t<div class=\"wpb_text_column wpb_content_element vc_custom_1652786186040\" >\n\t\t<div class=\"wpb_wrapper\">\n\t\t\t<h1 style=\"font-weight: bold;\"><span style=\"color: #ffffff;\">El taller<\/span><\/h1>\n\n\t\t<\/div>\n\t<\/div>\n<div class=\"boc_spacing\" style=\"height: 20px\"><\/div><\/div><\/div><\/div><\/div><div class=\"vc_row-full-width vc_clearfix\"><\/div><div data-vc-full-width=\"true\" data-vc-full-width-temp=\"true\" data-vc-full-width-init=\"false\" data-vc-stretch-content=\"true\" class=\"vc_row wpb_row vc_row-fluid vc_custom_1656325280887 vc_row-no-padding\"><div class=\"wpb_column vc_column_container vc_col-sm-12 vc_hidden-lg vc_col-has-fill\"><div class=\"vc_column-inner vc_custom_1657091299668\"><div class=\"wpb_wrapper\"><div class=\"boc_spacing\" style=\"height: 150px\"><\/div>\n\t<div class=\"wpb_text_column wpb_content_element\" >\n\t\t<div class=\"wpb_wrapper\">\n\t\t\t<h1 style=\"font-weight: bold; text-align: center;\"><span style=\"color: #ffffff;\">El taller<\/span><\/h1>\n\n\t\t<\/div>\n\t<\/div>\n<div class=\"boc_spacing\" style=\"height: 20px\"><\/div><\/div><\/div><\/div><\/div><div class=\"vc_row-full-width vc_clearfix\"><\/div><div class=\"vc_row wpb_row vc_row-fluid\"><div class=\"wpb_column vc_column_container vc_col-sm-12\"><div class=\"vc_column-inner\"><div class=\"wpb_wrapper\"><div class=\"boc_spacing\" style=\"height: 20px\"><\/div><\/div><\/div><\/div><\/div><div class=\"vc_row wpb_row vc_row-fluid vc_custom_1657104679870 vc_column-gap-35\"><div class=\"wpb_column vc_column_container vc_col-sm-6\"><div class=\"vc_column-inner\"><div class=\"wpb_wrapper\">\n\t<div class=\"wpb_text_column wpb_content_element\" >\n\t\t<div class=\"wpb_wrapper\">\n\t\t\t<h2>El nostre objectiu<\/h2>\n<p style=\"text-align: justify;\"><strong>CURT\/MITJ\u00c0 TERMINI: <\/strong>Tornar a la marca Nou Car una imatge actualitzada i Desenvolupar un taller que compti amb unes infraestructures modernes, noves ia la punta de la tecnologia, excedint les expectatives dels nostres clients, empleats i prove\u00efdors.<\/p>\n<p style=\"text-align: justify;\"><strong>LLARG TERMINI:<\/strong> Ser una empresa referent del nostre sector i mantenir la posici\u00f3 de lideratge al mercat buscant aconseguir un creixement sostenible i desenvolupament constant de l&#039;organitzaci\u00f3 i del seu entorn.<\/p>\n\n\t\t<\/div>\n\t<\/div>\n<\/div><\/div><\/div><div class=\"wpb_column vc_column_container vc_col-sm-6\"><div class=\"vc_column-inner\"><div class=\"wpb_wrapper\">\n\t<div  class=\"wpb_single_image wpb_content_element vc_align_left wpb_content_element\">\n\t\t\n\t\t<figure class=\"wpb_wrapper vc_figure\">\n\t\t\t<div class=\"vc_single_image-wrapper   vc_box_border_grey\"><img loading=\"lazy\" decoding=\"async\" width=\"1920\" height=\"1080\" src=\"https:\/\/noucartallers.es\/wp-content\/uploads\/2022\/05\/mecanico.jpg\" class=\"vc_single_image-img attachment-full\" alt=\"\" title=\"mecanico\" srcset=\"https:\/\/noucartallers.es\/wp-content\/uploads\/2022\/05\/mecanico.jpg 1920w, https:\/\/noucartallers.es\/wp-content\/uploads\/2022\/05\/mecanico-300x169.jpg 300w, https:\/\/noucartallers.es\/wp-content\/uploads\/2022\/05\/mecanico-1024x576.jpg 1024w, https:\/\/noucartallers.es\/wp-content\/uploads\/2022\/05\/mecanico-768x432.jpg 768w, https:\/\/noucartallers.es\/wp-content\/uploads\/2022\/05\/mecanico-1536x864.jpg 1536w\" sizes=\"auto, (max-width: 1920px) 100vw, 1920px\" \/><\/div>\n\t\t<\/figure>\n\t<\/div>\n<\/div><\/div><\/div><\/div><div class=\"vc_row wpb_row vc_row-fluid\"><div class=\"botones wpb_column vc_column_container vc_col-sm-12\"><div class=\"vc_column-inner\"><div class=\"wpb_wrapper\"><div class=\"boc_spacing\" style=\"height: 1px\"><\/div><h3 class=\"boc_heading  center  boc_subheading\"  style=\"margin-bottom: 20px;margin-top: 0px;color: #333333;\"><span>Confia en nosaltres, tenim <strong>la soluci\u00f3 al teu problema<\/strong><\/span><\/h3><div class=\"boc_spacing\" style=\"height: 30px\"><\/div><div class=\"vc_row wpb_row vc_inner vc_row-fluid vc_column-gap-35\"><div class=\"wpb_column vc_column_container vc_col-sm-6\"><div class=\"vc_column-inner\"><div class=\"wpb_wrapper\">\n\t<div class=\"wpb_text_column wpb_content_element\" >\n\t\t<div class=\"wpb_wrapper\">\n\t\t\t<p style=\"text-align: justify;\">El nostre objectiu \u00e9s proporcionar un servei de qualitat per brindar solucions fiables que conservin els vehicles en el seu estat \u00f2ptim, eficient i segur per mitj\u00e0 de personal altamente capacitat, motivat i productiu que t\u00e9 com a principal inter\u00e8s la seguretat i satisfacci\u00f3 dels nostres clients.<\/p>\n<p style=\"text-align: justify;\"><strong>De cara al client<\/strong>: Tenir cura de la vida dels nostres clients lliurant-los la versi\u00f3 m\u00e9s segura del seu vehicle.<\/p>\n<p style=\"text-align: justify;\"><strong>De cara a l&#039;equip:<\/strong> Ser una empresa on el personal es desenvolupi en un entorn agradable i de respecte adequat per poder realitzar les seves tasques en les millors condicions possibles.<\/p>\n<p style=\"text-align: justify;\"><strong>De cara als prove\u00efdors:<\/strong> Ser una empresa que es distingeixi pel seu bon cr\u00e8dit i tracti amb els seus prove\u00efdors per aconseguir una expansi\u00f3 m\u00fatua.<\/p>\n<p style=\"text-align: justify;\"><strong>De cara a la societat:<\/strong> Ser una empresa que crea un clima operatiu sostenible, treballant amb grups o associacions aliats o afins per millorar la nostra comunitat.<\/p>\n\n\t\t<\/div>\n\t<\/div>\n<\/div><\/div><\/div><div class=\"wpb_column vc_column_container vc_col-sm-6\"><div class=\"vc_column-inner\"><div class=\"wpb_wrapper\">\n\t<div class=\"wpb_text_column wpb_content_element\" >\n\t\t<div class=\"wpb_wrapper\">\n\t\t\t<p style=\"text-align: justify;\"><strong>Experi\u00e8ncia<\/strong>: Comptem amb 30 anys d&#039;experi\u00e8ncia i de clientela satisfeta. A m\u00e9s de disposar d\u00b4un equip t\u00e8cnic amb certificacions, formem part de la UEAC (Uni\u00f3 Empresarial d\u00b4automoci\u00f3 de Catalunya).<\/p>\n<p style=\"text-align: justify;\"><strong>Qualitat<\/strong>: \u00c9s primordial i ha de ser notable a tots els nivells tant a nivell t\u00e8cnic o de gesti\u00f3 de taller. Per aix\u00f2 comptem amb les eines i maquin\u00e0ries especialitzades perqu\u00e8 el nostre equip t\u00e8cnic pugui fer els treballs en les millors condicions. Comptem amb m\u00e0quina de diagnosi general de motor, diagnosi de bateria, m\u00e0quina de neteja de circuit de refrigeraci\u00f3, cabina de pintura, programa de gesti\u00f3 de taller\u2026).<\/p>\n<p style=\"text-align: justify;\"><strong>Capacid<\/strong><strong>ad <\/strong><strong>Adaptaci\u00f3<\/strong>: Qualsevol reparaci\u00f3 o cop \u00e9s diferent, afegint que la tecnologia d&#039;automoci\u00f3 cada dia evoluciona m\u00e9s r\u00e0pid, una gran capacitat d&#039;adaptaci\u00f3 \u00e9s imprescindible.<\/p>\n<p style=\"text-align: justify;\"><strong>Bo<\/strong><strong>n<\/strong><strong>rotlle<\/strong>: Perqu\u00e8 mai sobra\u2026 com m\u00e9s a gust, millor es treballa, i m\u00e9s satisfet estar\u00e0 el nostre client.<\/p>\n\n\t\t<\/div>\n\t<\/div>\n<\/div><\/div><\/div><\/div><\/div><\/div><\/div><\/div><div class=\"vc_row wpb_row vc_row-fluid\"><div class=\"wpb_column vc_column_container vc_col-sm-12\"><div class=\"vc_column-inner\"><div class=\"wpb_wrapper\"><div class=\"boc_spacing\" style=\"height: 30px\"><\/div><\/div><\/div><\/div><\/div>\n<\/div>","protected":false},"excerpt":{"rendered":"El taller El taller El nostre objectiu CURT\/MITJ\u00c0 TERMINI: Tornar a la marca Nou Car una imatge actualitzada i Desenvolupar un taller que compti amb unes infraestructures modernes, noves ia la punta de la tecnologia, excedint les expectatives dels nostres clients, empleats i prove\u00efdors. LLARG TERMINI: Ser una empresa referent del nostre sector i mantenir la posici\u00f3 de lideratge al<div class=\"h10\"><\/div><a class=\"more-link1\" href=\"https:\/\/noucartallers.es\/ca\/el-taller\">Read more<\/a>","protected":false},"author":1,"featured_media":0,"parent":0,"menu_order":0,"comment_status":"closed","ping_status":"closed","template":"","meta":{"footnotes":""},"class_list":["post-589","page","type-page","status-publish","hentry"],"yoast_head":"<!-- This site is optimized with the Yoast SEO plugin v26.7 - https:\/\/yoast.com\/wordpress\/plugins\/seo\/ -->\n<title>EL TALLER - Nou Car Tallers<\/title>\n<meta name=\"robots\" content=\"index, follow, max-snippet:-1, max-image-preview:large, max-video-preview:-1\" \/>\n<link rel=\"canonical\" href=\"https:\/\/noucartallers.es\/ca\/el-taller\" \/>\n<meta property=\"og:locale\" content=\"ca_ES\" \/>\n<meta property=\"og:type\" content=\"article\" \/>\n<meta property=\"og:title\" content=\"EL TALLER - Nou Car Tallers\" \/>\n<meta property=\"og:url\" content=\"https:\/\/noucartallers.es\/ca\/el-taller\" \/>\n<meta property=\"og:site_name\" content=\"Nou Car Tallers\" \/>\n<meta property=\"article:modified_time\" content=\"2022-09-02T08:29:26+00:00\" \/>\n<meta name=\"twitter:card\" content=\"summary_large_image\" \/>\n<meta name=\"twitter:label1\" content=\"Temps estimat de lectura\" \/>\n\t<meta name=\"twitter:data1\" content=\"3 minuts\" \/>\n<script type=\"application\/ld+json\" class=\"yoast-schema-graph\">{\"@context\":\"https:\/\/schema.org\",\"@graph\":[{\"@type\":\"WebPage\",\"@id\":\"https:\/\/noucartallers.es\/ca\/el-taller\",\"url\":\"https:\/\/noucartallers.es\/ca\/el-taller\",\"name\":\"EL TALLER - Nou Car Tallers\",\"isPartOf\":{\"@id\":\"https:\/\/noucartallers.es\/#website\"},\"datePublished\":\"2022-09-02T08:28:48+00:00\",\"dateModified\":\"2022-09-02T08:29:26+00:00\",\"breadcrumb\":{\"@id\":\"https:\/\/noucartallers.es\/ca\/el-taller#breadcrumb\"},\"inLanguage\":\"ca\",\"potentialAction\":[{\"@type\":\"ReadAction\",\"target\":[\"https:\/\/noucartallers.es\/ca\/el-taller\"]}]},{\"@type\":\"BreadcrumbList\",\"@id\":\"https:\/\/noucartallers.es\/ca\/el-taller#breadcrumb\",\"itemListElement\":[{\"@type\":\"ListItem\",\"position\":1,\"name\":\"Portada\",\"item\":\"https:\/\/noucartallers.es\/\"},{\"@type\":\"ListItem\",\"position\":2,\"name\":\"EL TALLER\"}]},{\"@type\":\"WebSite\",\"@id\":\"https:\/\/noucartallers.es\/#website\",\"url\":\"https:\/\/noucartallers.es\/\",\"name\":\"Nou Car Tallers\",\"description\":\"Servicio de mantenimiento y reparaciones para todo tipo de veh\u00edculos\",\"potentialAction\":[{\"@type\":\"SearchAction\",\"target\":{\"@type\":\"EntryPoint\",\"urlTemplate\":\"https:\/\/noucartallers.es\/?s={search_term_string}\"},\"query-input\":{\"@type\":\"PropertyValueSpecification\",\"valueRequired\":true,\"valueName\":\"search_term_string\"}}],\"inLanguage\":\"ca\"}]}<\/script>\n<!-- \/ Yoast SEO plugin. -->","yoast_head_json":{"title":"EL TALLER - Nou Car Tallers","robots":{"index":"index","follow":"follow","max-snippet":"max-snippet:-1","max-image-preview":"max-image-preview:large","max-video-preview":"max-video-preview:-1"},"canonical":"https:\/\/noucartallers.es\/ca\/el-taller","og_locale":"ca_ES","og_type":"article","og_title":"EL TALLER - Nou Car Tallers","og_url":"https:\/\/noucartallers.es\/ca\/el-taller","og_site_name":"Nou Car Tallers","article_modified_time":"2022-09-02T08:29:26+00:00","twitter_card":"summary_large_image","twitter_misc":{"Temps estimat de lectura":"3 minuts"},"schema":{"@context":"https:\/\/schema.org","@graph":[{"@type":"WebPage","@id":"https:\/\/noucartallers.es\/ca\/el-taller","url":"https:\/\/noucartallers.es\/ca\/el-taller","name":"EL TALLER - Nou Car Tallers","isPartOf":{"@id":"https:\/\/noucartallers.es\/#website"},"datePublished":"2022-09-02T08:28:48+00:00","dateModified":"2022-09-02T08:29:26+00:00","breadcrumb":{"@id":"https:\/\/noucartallers.es\/ca\/el-taller#breadcrumb"},"inLanguage":"ca","potentialAction":[{"@type":"ReadAction","target":["https:\/\/noucartallers.es\/ca\/el-taller"]}]},{"@type":"BreadcrumbList","@id":"https:\/\/noucartallers.es\/ca\/el-taller#breadcrumb","itemListElement":[{"@type":"ListItem","position":1,"name":"Portada","item":"https:\/\/noucartallers.es\/"},{"@type":"ListItem","position":2,"name":"EL TALLER"}]},{"@type":"WebSite","@id":"https:\/\/noucartallers.es\/#website","url":"https:\/\/noucartallers.es\/","name":"Nou Car Tallers","description":"Servicio de mantenimiento y reparaciones para todo tipo de veh\u00edculos","potentialAction":[{"@type":"SearchAction","target":{"@type":"EntryPoint","urlTemplate":"https:\/\/noucartallers.es\/?s={search_term_string}"},"query-input":{"@type":"PropertyValueSpecification","valueRequired":true,"valueName":"search_term_string"}}],"inLanguage":"ca"}]}},"_links":{"self":[{"href":"https:\/\/noucartallers.es\/ca\/wp-json\/wp\/v2\/pages\/589","targetHints":{"allow":["GET"]}}],"collection":[{"href":"https:\/\/noucartallers.es\/ca\/wp-json\/wp\/v2\/pages"}],"about":[{"href":"https:\/\/noucartallers.es\/ca\/wp-json\/wp\/v2\/types\/page"}],"author":[{"embeddable":true,"href":"https:\/\/noucartallers.es\/ca\/wp-json\/wp\/v2\/users\/1"}],"replies":[{"embeddable":true,"href":"https:\/\/noucartallers.es\/ca\/wp-json\/wp\/v2\/comments?post=589"}],"version-history":[{"count":3,"href":"https:\/\/noucartallers.es\/ca\/wp-json\/wp\/v2\/pages\/589\/revisions"}],"predecessor-version":[{"id":594,"href":"https:\/\/noucartallers.es\/ca\/wp-json\/wp\/v2\/pages\/589\/revisions\/594"}],"wp:attachment":[{"href":"https:\/\/noucartallers.es\/ca\/wp-json\/wp\/v2\/media?parent=589"}],"curies":[{"name":"wp","href":"https:\/\/api.w.org\/{rel}","templated":true}]}}

<div class="wpb-content-wrapper"><div data-vc-full-width="true" data-vc-full-width-temp="true" data-vc-full-width-init="false" data-vc-stretch-content="true" class="vc_row wpb_row vc_row-fluid vc_row-no-padding"><div class="wpb_column vc_column_container vc_col-sm-12 vc_hidden-md vc_hidden-sm vc_hidden-xs vc_col-has-fill"><div class="vc_column-inner vc_custom_1656325247831"><div class="wpb_wrapper"><div class="boc_spacing" style="height: 350px"></div>
	<div class="wpb_text_column wpb_content_element vc_custom_1652786186040" >
		<div class="wpb_wrapper">
			<h1 style="font-weight: bold;"><span style="color: #ffffff;">El taller</span></h1>

		</div>
	</div>
<div class="boc_spacing" style="height: 20px"></div></div></div></div></div><div class="vc_row-full-width vc_clearfix"></div><div data-vc-full-width="true" data-vc-full-width-temp="true" data-vc-full-width-init="false" data-vc-stretch-content="true" class="vc_row wpb_row vc_row-fluid vc_custom_1656325280887 vc_row-no-padding"><div class="wpb_column vc_column_container vc_col-sm-12 vc_hidden-lg vc_col-has-fill"><div class="vc_column-inner vc_custom_1657091299668"><div class="wpb_wrapper"><div class="boc_spacing" style="height: 150px"></div>
	<div class="wpb_text_column wpb_content_element" >
		<div class="wpb_wrapper">
			<h1 style="font-weight: bold; text-align: center;"><span style="color: #ffffff;">El taller</span></h1>

		</div>
	</div>
<div class="boc_spacing" style="height: 20px"></div></div></div></div></div><div class="vc_row-full-width vc_clearfix"></div><div class="vc_row wpb_row vc_row-fluid"><div class="wpb_column vc_column_container vc_col-sm-12"><div class="vc_column-inner"><div class="wpb_wrapper"><div class="boc_spacing" style="height: 20px"></div></div></div></div></div><div class="vc_row wpb_row vc_row-fluid vc_custom_1657104679870 vc_column-gap-35"><div class="wpb_column vc_column_container vc_col-sm-6"><div class="vc_column-inner"><div class="wpb_wrapper">
	<div class="wpb_text_column wpb_content_element" >
		<div class="wpb_wrapper">
			<h2>El nostre objectiu</h2>
<p style="text-align: justify;"><strong>CURT/MITJÀ TERMINI: </strong>Tornar a la marca Nou Car una imatge actualitzada i Desenvolupar un taller que compti amb unes infraestructures modernes, noves ia la punta de la tecnologia, excedint les expectatives dels nostres clients, empleats i proveïdors.</p>
<p style="text-align: justify;"><strong>LLARG TERMINI:</strong> Ser una empresa referent del nostre sector i mantenir la posició de lideratge al mercat buscant aconseguir un creixement sostenible i desenvolupament constant de l&#039;organització i del seu entorn.</p>

		</div>
	</div>
</div></div></div><div class="wpb_column vc_column_container vc_col-sm-6"><div class="vc_column-inner"><div class="wpb_wrapper">
	<div  class="wpb_single_image wpb_content_element vc_align_left wpb_content_element">
		
		<figure class="wpb_wrapper vc_figure">
			<div class="vc_single_image-wrapper   vc_box_border_grey"><img loading="lazy" decoding="async" width="1920" height="1080" src="https://noucartallers.es/wp-content/uploads/2022/05/mecanico.jpg" class="vc_single_image-img attachment-full" alt="" title="mecanico" srcset="https://noucartallers.es/wp-content/uploads/2022/05/mecanico.jpg 1920w, https://noucartallers.es/wp-content/uploads/2022/05/mecanico-300x169.jpg 300w, https://noucartallers.es/wp-content/uploads/2022/05/mecanico-1024x576.jpg 1024w, https://noucartallers.es/wp-content/uploads/2022/05/mecanico-768x432.jpg 768w, https://noucartallers.es/wp-content/uploads/2022/05/mecanico-1536x864.jpg 1536w" sizes="auto, (max-width: 1920px) 100vw, 1920px" /></div>
		</figure>
	</div>
</div></div></div></div><div class="vc_row wpb_row vc_row-fluid"><div class="botones wpb_column vc_column_container vc_col-sm-12"><div class="vc_column-inner"><div class="wpb_wrapper"><div class="boc_spacing" style="height: 1px"></div><h3 class="boc_heading  center  boc_subheading"  style="margin-bottom: 20px;margin-top: 0px;color: #333333;"><span>Confia en nosaltres, tenim <strong>la solució al teu problema</strong></span></h3><div class="boc_spacing" style="height: 30px"></div><div class="vc_row wpb_row vc_inner vc_row-fluid vc_column-gap-35"><div class="wpb_column vc_column_container vc_col-sm-6"><div class="vc_column-inner"><div class="wpb_wrapper">
	<div class="wpb_text_column wpb_content_element" >
		<div class="wpb_wrapper">
			<p style="text-align: justify;">El nostre objectiu és proporcionar un servei de qualitat per brindar solucions fiables que conservin els vehicles en el seu estat òptim, eficient i segur per mitjà de personal altamente capacitat, motivat i productiu que té com a principal interès la seguretat i satisfacció dels nostres clients.</p>
<p style="text-align: justify;"><strong>De cara al client</strong>: Tenir cura de la vida dels nostres clients lliurant-los la versió més segura del seu vehicle.</p>
<p style="text-align: justify;"><strong>De cara a l&#039;equip:</strong> Ser una empresa on el personal es desenvolupi en un entorn agradable i de respecte adequat per poder realitzar les seves tasques en les millors condicions possibles.</p>
<p style="text-align: justify;"><strong>De cara als proveïdors:</strong> Ser una empresa que es distingeixi pel seu bon crèdit i tracti amb els seus proveïdors per aconseguir una expansió mútua.</p>
<p style="text-align: justify;"><strong>De cara a la societat:</strong> Ser una empresa que crea un clima operatiu sostenible, treballant amb grups o associacions aliats o afins per millorar la nostra comunitat.</p>

		</div>
	</div>
</div></div></div><div class="wpb_column vc_column_container vc_col-sm-6"><div class="vc_column-inner"><div class="wpb_wrapper">
	<div class="wpb_text_column wpb_content_element" >
		<div class="wpb_wrapper">
			<p style="text-align: justify;"><strong>Experiència</strong>: Comptem amb 30 anys d&#039;experiència i de clientela satisfeta. A més de disposar d´un equip tècnic amb certificacions, formem part de la UEAC (Unió Empresarial d´automoció de Catalunya).</p>
<p style="text-align: justify;"><strong>Qualitat</strong>: És primordial i ha de ser notable a tots els nivells tant a nivell tècnic o de gestió de taller. Per això comptem amb les eines i maquinàries especialitzades perquè el nostre equip tècnic pugui fer els treballs en les millors condicions. Comptem amb màquina de diagnosi general de motor, diagnosi de bateria, màquina de neteja de circuit de refrigeració, cabina de pintura, programa de gestió de taller…).</p>
<p style="text-align: justify;"><strong>Capacid</strong><strong>ad </strong><strong>Adaptació</strong>: Qualsevol reparació o cop és diferent, afegint que la tecnologia d&#039;automoció cada dia evoluciona més ràpid, una gran capacitat d&#039;adaptació és imprescindible.</p>
<p style="text-align: justify;"><strong>Bo</strong><strong>n</strong><strong>rotlle</strong>: Perquè mai sobra… com més a gust, millor es treballa, i més satisfet estarà el nostre client.</p>

		</div>
	</div>
</div></div></div></div></div></div></div></div><div class="vc_row wpb_row vc_row-fluid"><div class="wpb_column vc_column_container vc_col-sm-12"><div class="vc_column-inner"><div class="wpb_wrapper"><div class="boc_spacing" style="height: 30px"></div></div></div></div></div>
</div>

El taller El taller El nostre objectiu CURT/MITJÀ TERMINI: Tornar a la marca Nou Car una imatge actualitzada i Desenvolupar un taller que compti amb unes infraestructures modernes, noves ia la punta de la tecnologia, excedint les expectatives dels nostres clients, empleats i proveïdors. LLARG TERMINI: Ser una empresa referent del nostre sector i mantenir la posició de lideratge al<div class="h10"></div><a class="more-link1" href="https://noucartallers.es/ca/el-taller">Read more</a>

<!-- This site is optimized with the Yoast SEO plugin v26.7 - https://yoast.com/wordpress/plugins/seo/ -->
<title>EL TALLER - Nou Car Tallers</title>
<meta name="robots" content="index, follow, max-snippet:-1, max-image-preview:large, max-video-preview:-1" />
<link rel="canonical" href="https://noucartallers.es/ca/el-taller" />
<meta property="og:locale" content="ca_ES" />
<meta property="og:type" content="article" />
<meta property="og:title" content="EL TALLER - Nou Car Tallers" />
<meta property="og:url" content="https://noucartallers.es/ca/el-taller" />
<meta property="og:site_name" content="Nou Car Tallers" />
<meta property="article:modified_time" content="2022-09-02T08:29:26+00:00" />
<meta name="twitter:card" content="summary_large_image" />
<meta name="twitter:label1" content="Temps estimat de lectura" />
	<meta name="twitter:data1" content="3 minuts" />
<script type="application/ld+json" class="yoast-schema-graph">{"@context":"https://schema.org","@graph":[{"@type":"WebPage","@id":"https://noucartallers.es/ca/el-taller","url":"https://noucartallers.es/ca/el-taller","name":"EL TALLER - Nou Car Tallers","isPartOf":{"@id":"https://noucartallers.es/#website"},"datePublished":"2022-09-02T08:28:48+00:00","dateModified":"2022-09-02T08:29:26+00:00","breadcrumb":{"@id":"https://noucartallers.es/ca/el-taller#breadcrumb"},"inLanguage":"ca","potentialAction":[{"@type":"ReadAction","target":["https://noucartallers.es/ca/el-taller"]}]},{"@type":"BreadcrumbList","@id":"https://noucartallers.es/ca/el-taller#breadcrumb","itemListElement":[{"@type":"ListItem","position":1,"name":"Portada","item":"https://noucartallers.es/"},{"@type":"ListItem","position":2,"name":"EL TALLER"}]},{"@type":"WebSite","@id":"https://noucartallers.es/#website","url":"https://noucartallers.es/","name":"Nou Car Tallers","description":"Servicio de mantenimiento y reparaciones para todo tipo de vehículos","potentialAction":[{"@type":"SearchAction","target":{"@type":"EntryPoint","urlTemplate":"https://noucartallers.es/?s={search_term_string}"},"query-input":{"@type":"PropertyValueSpecification","valueRequired":true,"valueName":"search_term_string"}}],"inLanguage":"ca"}]}</script>
<!-- / Yoast SEO plugin. -->

Servicio de mantenimiento y reparaciones para todo tipo de vehículos
